{"id":2387,"date":"2025-05-13T09:28:21","date_gmt":"2025-05-13T07:28:21","guid":{"rendered":"https:\/\/marineriawp.abanet.it\/?page_id=2387"},"modified":"2025-05-21T14:49:32","modified_gmt":"2025-05-21T12:49:32","slug":"navigli-adriatici-xviii-sec","status":"publish","type":"page","link":"https:\/\/marineriawp.abanet.it\/index.php\/navigli-adriatici-xviii-sec\/","title":{"rendered":"Navigli Adriatici XVIII sec"},"content":{"rendered":"\n<h1 class=\"wp-block-heading\"><strong><em>Navigli adriatici e ionici in Et\u00e0 Moderna (1650-1850)<\/em><\/strong><\/h1>\n\n\n\n<p><strong>Mostra internazionale a cura di Maria Lucia De Nicol\u00f2, realizzata in occasione di \u201cPesaro capitale italiana della cultura 2024\u201d<br>27 Aprile &#8211; 31 Dicembre 2024<\/strong><\/p>\n\n\n\n<p class=\"blocco\">La mostra nasce dall\u2019analisi di oltre 20.000 documenti del Settecento prodotti da varie cancellerie adriatiche e ioniche, registrazioni di entrate ed uscite dai porti, registrazioni nelle scuole o confraternite dei marinai, capitani e padroni iscritti, lettere dei consoli, prove di fortuna, raccolti dallo studioso croato Nikola \u010colak (Janjevo 1914 &#8211; Padova 1996) nella collana dei <em>Regesti marittimi croati del Settecento,<\/em> voll. I-IV (RMC I-IV). L\u2019ideatrice del progetto, Zrinka Podhra\u0161ki \u010cizmek, ha preso in esame ca. 25.500 menzioni di navigli, suddividendoli e classificandoli per nominativi differenti, sistematizzandoli con metodo storiografico, arricchito grazie al coinvolgimento di studiosi ed esperti di marineria italiani, croati, montenegrini e greci (Maria Lucia De Nicol\u00f2, Vermiglio Ricci, Lovorka \u010corali\u0107, \u017deljko Brguljan, \u017deljko Skomer\u0161i\u0107, Ljubomir Radi\u0107, Tea Marinovi\u0107, \u0110ivo Ba\u0161i\u0107, Slaven Berto\u0161a, Ilija Mlinarevi\u0107 Mateo Bratani\u0107, Gerassimos Pagratis). La ricostruzione pittorica dei 62 tipi navali rilevati si deve alla maestria di Luigi Divari, autore dei disegni acquerellati.<\/p>\n\n\n\n<p class=\"Blocco\">Il catalogo della mostra presenta l\u2019apparato didascalico in quattro lingue (italiano, inglese, croato, greco). I testi che accompagnano le rappresentazioni pittoriche sono stati redatti da Zrinka Podhra\u0161ki \u010cizmek (Universit\u00e0 di Zagabria) per la traduzione in croato e italiano, di Mateo Bratani\u0107 (Universit\u00e0 di Zadar) per l\u2019inglese, di Gerassimos Pagratis (Universit\u00e0 di Atene) per il greco.<\/p>\n\n\n\n<p><strong>La mostra, itinerante, dal 15 Giugno al 30 Ottobre 2025 sar\u00e0 visitabile presso la sede Centro di documentazione e ricerca del Territorio \/ Archeoclub di Cupra Marittima<\/strong>,<strong> in via Castel Fidardo 14<\/strong><\/p>\n\n\n\n<p>Il catalogo della mostra \u00e8 disponibile in PDF. Inviare la richiesta a <a href=\"mailto:marialuciadenicolo@unibo.it\">marialuciadenicolo@unibo.it<\/a><\/p>\n\n\n\n<p><\/p>\n\n\n<div class=\"wp-block-image\">\n<figure class=\"aligncenter size-large is-resized\"><img loading=\"lazy\" decoding=\"async\" width=\"709\" height=\"1024\" src=\"https:\/\/marineriawp.abanet.it\/wp-content\/uploads\/navigli2-1-709x1024.jpg\" alt=\"\" class=\"wp-image-3077\" style=\"width:422px;height:auto\" srcset=\"https:\/\/marineriawp.abanet.it\/wp-content\/uploads\/navigli2-1-709x1024.jpg 709w, https:\/\/marineriawp.abanet.it\/wp-content\/uploads\/navigli2-1-208x300.jpg 208w, https:\/\/marineriawp.abanet.it\/wp-content\/uploads\/navigli2-1-104x150.jpg 104w, https:\/\/marineriawp.abanet.it\/wp-content\/uploads\/navigli2-1.jpg 719w\" sizes=\"auto, (max-width: 709px) 100vw, 709px\" \/><\/figure>\n<\/div>\n\n\n<div style=\"height:50px\" aria-hidden=\"true\" class=\"wp-block-spacer\"><\/div>\n\n\n\n<div id=\"wp-block-themeisle-blocks-slider-403aa396\" class=\"wp-block-themeisle-blocks-slider glide\" data-per-view=\"3\" data-gap=\"5\" data-peek=\"100\" data-autoplay=\"true\" data-height=\"100%\" data-hide-arrows=\"false\" data-transition=\"linear\"><div class=\"glide__track\" data-glide-el=\"track\"><div class=\"glide__slides\"><div class=\"wp-block-themeisle-blocks-slider-item-wrapper glide__slide\" tabindex=\"0\"><figure><img decoding=\"async\" class=\"wp-block-themeisle-blocks-slider-item\" src=\"https:\/\/marineriawp.abanet.it\/wp-content\/uploads\/pannelli_tipi-navali_202459.jpg\" alt=\"\" title=\"\" data-id=\"2991\"\/><\/figure><\/div><div class=\"wp-block-themeisle-blocks-slider-item-wrapper glide__slide\" tabindex=\"0\"><figure><img decoding=\"async\" class=\"wp-block-themeisle-blocks-slider-item\" src=\"https:\/\/marineriawp.abanet.it\/wp-content\/uploads\/pannelli_tipi-navali_202458.jpg\" alt=\"\" title=\"\" data-id=\"2990\"\/><\/figure><\/div><div class=\"wp-block-themeisle-blocks-slider-item-wrapper glide__slide\" tabindex=\"0\"><figure><img decoding=\"async\" class=\"wp-block-themeisle-blocks-slider-item\" src=\"https:\/\/marineriawp.abanet.it\/wp-content\/uploads\/pannelli_tipi-navali_202457.jpg\" alt=\"\" title=\"\" data-id=\"2989\"\/><\/figure><\/div><div class=\"wp-block-themeisle-blocks-slider-item-wrapper glide__slide\" tabindex=\"0\"><figure><img decoding=\"async\" class=\"wp-block-themeisle-blocks-slider-item\" src=\"https:\/\/marineriawp.abanet.it\/wp-content\/uploads\/pannelli_tipi-navali_202456.jpg\" alt=\"\" title=\"\" data-id=\"2988\"\/><\/figure><\/div><div class=\"wp-block-themeisle-blocks-slider-item-wrapper glide__slide\" tabindex=\"0\"><figure><img decoding=\"async\" class=\"wp-block-themeisle-blocks-slider-item\" src=\"https:\/\/marineriawp.abanet.it\/wp-content\/uploads\/pannelli_tipi-navali_202455.jpg\" alt=\"\" title=\"\" data-id=\"2987\"\/><\/figure><\/div><div class=\"wp-block-themeisle-blocks-slider-item-wrapper glide__slide\" tabindex=\"0\"><figure><img decoding=\"async\" class=\"wp-block-themeisle-blocks-slider-item\" src=\"https:\/\/marineriawp.abanet.it\/wp-content\/uploads\/pannelli_tipi-navali_202454.jpg\" alt=\"\" title=\"\" data-id=\"2986\"\/><\/figure><\/div><div class=\"wp-block-themeisle-blocks-slider-item-wrapper glide__slide\" tabindex=\"0\"><figure><img decoding=\"async\" class=\"wp-block-themeisle-blocks-slider-item\" src=\"https:\/\/marineriawp.abanet.it\/wp-content\/uploads\/pannelli_tipi-navali_202453.jpg\" alt=\"\" title=\"\" data-id=\"2985\"\/><\/figure><\/div><div class=\"wp-block-themeisle-blocks-slider-item-wrapper glide__slide\" tabindex=\"0\"><figure><img decoding=\"async\" class=\"wp-block-themeisle-blocks-slider-item\" src=\"https:\/\/marineriawp.abanet.it\/wp-content\/uploads\/pannelli_tipi-navali_202452.jpg\" alt=\"\" title=\"\" data-id=\"2984\"\/><\/figure><\/div><div class=\"wp-block-themeisle-blocks-slider-item-wrapper glide__slide\" tabindex=\"0\"><figure><img decoding=\"async\" class=\"wp-block-themeisle-blocks-slider-item\" src=\"https:\/\/marineriawp.abanet.it\/wp-content\/uploads\/pannelli_tipi-navali_202451.jpg\" alt=\"\" title=\"\" data-id=\"2983\"\/><\/figure><\/div><div class=\"wp-block-themeisle-blocks-slider-item-wrapper glide__slide\" tabindex=\"0\"><figure><img decoding=\"async\" class=\"wp-block-themeisle-blocks-slider-item\" src=\"https:\/\/marineriawp.abanet.it\/wp-content\/uploads\/pannelli_tipi-navali_202450.jpg\" alt=\"\" title=\"\" data-id=\"2982\"\/><\/figure><\/div><div class=\"wp-block-themeisle-blocks-slider-item-wrapper glide__slide\" tabindex=\"0\"><figure><img decoding=\"async\" class=\"wp-block-themeisle-blocks-slider-item\" src=\"https:\/\/marineriawp.abanet.it\/wp-content\/uploads\/pannelli_tipi-navali_202449.jpg\" alt=\"\" title=\"\" data-id=\"2981\"\/><\/figure><\/div><div class=\"wp-block-themeisle-blocks-slider-item-wrapper glide__slide\" tabindex=\"0\"><figure><img decoding=\"async\" class=\"wp-block-themeisle-blocks-slider-item\" src=\"https:\/\/marineriawp.abanet.it\/wp-content\/uploads\/pannelli_tipi-navali_202448.jpg\" alt=\"\" title=\"\" data-id=\"2980\"\/><\/figure><\/div><div class=\"wp-block-themeisle-blocks-slider-item-wrapper glide__slide\" tabindex=\"0\"><figure><img decoding=\"async\" class=\"wp-block-themeisle-blocks-slider-item\" src=\"https:\/\/marineriawp.abanet.it\/wp-content\/uploads\/pannelli_tipi-navali_202447.jpg\" alt=\"\" title=\"\" data-id=\"2979\"\/><\/figure><\/div><div class=\"wp-block-themeisle-blocks-slider-item-wrapper glide__slide\" tabindex=\"0\"><figure><img decoding=\"async\" class=\"wp-block-themeisle-blocks-slider-item\" src=\"https:\/\/marineriawp.abanet.it\/wp-content\/uploads\/pannelli_tipi-navali_202446.jpg\" alt=\"\" title=\"\" data-id=\"2978\"\/><\/figure><\/div><div class=\"wp-block-themeisle-blocks-slider-item-wrapper glide__slide\" tabindex=\"0\"><figure><img decoding=\"async\" class=\"wp-block-themeisle-blocks-slider-item\" src=\"https:\/\/marineriawp.abanet.it\/wp-content\/uploads\/pannelli_tipi-navali_202445.jpg\" alt=\"\" title=\"\" data-id=\"2977\"\/><\/figure><\/div><div class=\"wp-block-themeisle-blocks-slider-item-wrapper glide__slide\" tabindex=\"0\"><figure><img decoding=\"async\" class=\"wp-block-themeisle-blocks-slider-item\" src=\"https:\/\/marineriawp.abanet.it\/wp-content\/uploads\/pannelli_tipi-navali_202444.jpg\" alt=\"\" title=\"\" data-id=\"2976\"\/><\/figure><\/div><div class=\"wp-block-themeisle-blocks-slider-item-wrapper glide__slide\" tabindex=\"0\"><figure><img decoding=\"async\" class=\"wp-block-themeisle-blocks-slider-item\" src=\"https:\/\/marineriawp.abanet.it\/wp-content\/uploads\/pannelli_tipi-navali_202443.jpg\" alt=\"\" title=\"\" data-id=\"2975\"\/><\/figure><\/div><div class=\"wp-block-themeisle-blocks-slider-item-wrapper glide__slide\" tabindex=\"0\"><figure><img decoding=\"async\" class=\"wp-block-themeisle-blocks-slider-item\" src=\"https:\/\/marineriawp.abanet.it\/wp-content\/uploads\/pannelli_tipi-navali_202442.jpg\" alt=\"\" title=\"\" data-id=\"2974\"\/><\/figure><\/div><div class=\"wp-block-themeisle-blocks-slider-item-wrapper glide__slide\" tabindex=\"0\"><figure><img decoding=\"async\" class=\"wp-block-themeisle-blocks-slider-item\" src=\"https:\/\/marineriawp.abanet.it\/wp-content\/uploads\/pannelli_tipi-navali_202441.jpg\" alt=\"\" title=\"\" data-id=\"2973\"\/><\/figure><\/div><div class=\"wp-block-themeisle-blocks-slider-item-wrapper glide__slide\" tabindex=\"0\"><figure><img decoding=\"async\" class=\"wp-block-themeisle-blocks-slider-item\" src=\"https:\/\/marineriawp.abanet.it\/wp-content\/uploads\/pannelli_tipi-navali_202440.jpg\" alt=\"\" title=\"\" data-id=\"2972\"\/><\/figure><\/div><div class=\"wp-block-themeisle-blocks-slider-item-wrapper glide__slide\" tabindex=\"0\"><figure><img decoding=\"async\" class=\"wp-block-themeisle-blocks-slider-item\" src=\"https:\/\/marineriawp.abanet.it\/wp-content\/uploads\/pannelli_tipi-navali_202439.jpg\" alt=\"\" title=\"\" data-id=\"2971\"\/><\/figure><\/div><div class=\"wp-block-themeisle-blocks-slider-item-wrapper glide__slide\" tabindex=\"0\"><figure><img decoding=\"async\" class=\"wp-block-themeisle-blocks-slider-item\" src=\"https:\/\/marineriawp.abanet.it\/wp-content\/uploads\/pannelli_tipi-navali_202438.jpg\" alt=\"\" title=\"\" data-id=\"2970\"\/><\/figure><\/div><div class=\"wp-block-themeisle-blocks-slider-item-wrapper glide__slide\" tabindex=\"0\"><figure><img decoding=\"async\" class=\"wp-block-themeisle-blocks-slider-item\" src=\"https:\/\/marineriawp.abanet.it\/wp-content\/uploads\/pannelli_tipi-navali_202437.jpg\" alt=\"\" title=\"\" data-id=\"2969\"\/><\/figure><\/div><div class=\"wp-block-themeisle-blocks-slider-item-wrapper glide__slide\" tabindex=\"0\"><figure><img decoding=\"async\" class=\"wp-block-themeisle-blocks-slider-item\" src=\"https:\/\/marineriawp.abanet.it\/wp-content\/uploads\/pannelli_tipi-navali_202436.jpg\" alt=\"\" title=\"\" data-id=\"2968\"\/><\/figure><\/div><div class=\"wp-block-themeisle-blocks-slider-item-wrapper glide__slide\" tabindex=\"0\"><figure><img decoding=\"async\" class=\"wp-block-themeisle-blocks-slider-item\" src=\"https:\/\/marineriawp.abanet.it\/wp-content\/uploads\/pannelli_tipi-navali_202435.jpg\" alt=\"\" title=\"\" data-id=\"2967\"\/><\/figure><\/div><div class=\"wp-block-themeisle-blocks-slider-item-wrapper glide__slide\" tabindex=\"0\"><figure><img decoding=\"async\" class=\"wp-block-themeisle-blocks-slider-item\" src=\"https:\/\/marineriawp.abanet.it\/wp-content\/uploads\/pannelli_tipi-navali_202434.jpg\" alt=\"\" title=\"\" data-id=\"2966\"\/><\/figure><\/div><div class=\"wp-block-themeisle-blocks-slider-item-wrapper glide__slide\" tabindex=\"0\"><figure><img decoding=\"async\" class=\"wp-block-themeisle-blocks-slider-item\" src=\"https:\/\/marineriawp.abanet.it\/wp-content\/uploads\/pannelli_tipi-navali_202433.jpg\" alt=\"\" title=\"\" data-id=\"2965\"\/><\/figure><\/div><div class=\"wp-block-themeisle-blocks-slider-item-wrapper glide__slide\" tabindex=\"0\"><figure><img decoding=\"async\" class=\"wp-block-themeisle-blocks-slider-item\" src=\"https:\/\/marineriawp.abanet.it\/wp-content\/uploads\/pannelli_tipi-navali_202432.jpg\" alt=\"\" title=\"\" data-id=\"2964\"\/><\/figure><\/div><div class=\"wp-block-themeisle-blocks-slider-item-wrapper glide__slide\" tabindex=\"0\"><figure><img decoding=\"async\" class=\"wp-block-themeisle-blocks-slider-item\" src=\"https:\/\/marineriawp.abanet.it\/wp-content\/uploads\/pannelli_tipi-navali_202431.jpg\" alt=\"\" title=\"\" data-id=\"2963\"\/><\/figure><\/div><div class=\"wp-block-themeisle-blocks-slider-item-wrapper glide__slide\" tabindex=\"0\"><figure><img decoding=\"async\" class=\"wp-block-themeisle-blocks-slider-item\" src=\"https:\/\/marineriawp.abanet.it\/wp-content\/uploads\/pannelli_tipi-navali_202430.jpg\" alt=\"\" title=\"\" data-id=\"2962\"\/><\/figure><\/div><div class=\"wp-block-themeisle-blocks-slider-item-wrapper glide__slide\" tabindex=\"0\"><figure><img decoding=\"async\" class=\"wp-block-themeisle-blocks-slider-item\" src=\"https:\/\/marineriawp.abanet.it\/wp-content\/uploads\/pannelli_tipi-navali_202429.jpg\" alt=\"\" title=\"\" data-id=\"2961\"\/><\/figure><\/div><div class=\"wp-block-themeisle-blocks-slider-item-wrapper glide__slide\" tabindex=\"0\"><figure><img decoding=\"async\" class=\"wp-block-themeisle-blocks-slider-item\" src=\"https:\/\/marineriawp.abanet.it\/wp-content\/uploads\/pannelli_tipi-navali_202428.jpg\" alt=\"\" title=\"\" data-id=\"2960\"\/><\/figure><\/div><div class=\"wp-block-themeisle-blocks-slider-item-wrapper glide__slide\" tabindex=\"0\"><figure><img decoding=\"async\" class=\"wp-block-themeisle-blocks-slider-item\" src=\"https:\/\/marineriawp.abanet.it\/wp-content\/uploads\/pannelli_tipi-navali_202427.jpg\" alt=\"\" title=\"\" data-id=\"2959\"\/><\/figure><\/div><div class=\"wp-block-themeisle-blocks-slider-item-wrapper glide__slide\" tabindex=\"0\"><figure><img decoding=\"async\" class=\"wp-block-themeisle-blocks-slider-item\" src=\"https:\/\/marineriawp.abanet.it\/wp-content\/uploads\/pannelli_tipi-navali_202426.jpg\" alt=\"\" title=\"\" data-id=\"2958\"\/><\/figure><\/div><div class=\"wp-block-themeisle-blocks-slider-item-wrapper glide__slide\" tabindex=\"0\"><figure><img decoding=\"async\" class=\"wp-block-themeisle-blocks-slider-item\" src=\"https:\/\/marineriawp.abanet.it\/wp-content\/uploads\/pannelli_tipi-navali_202425.jpg\" alt=\"\" title=\"\" data-id=\"2957\"\/><\/figure><\/div><div class=\"wp-block-themeisle-blocks-slider-item-wrapper glide__slide\" tabindex=\"0\"><figure><img decoding=\"async\" class=\"wp-block-themeisle-blocks-slider-item\" src=\"https:\/\/marineriawp.abanet.it\/wp-content\/uploads\/pannelli_tipi-navali_202424.jpg\" alt=\"\" title=\"\" data-id=\"2956\"\/><\/figure><\/div><div class=\"wp-block-themeisle-blocks-slider-item-wrapper glide__slide\" tabindex=\"0\"><figure><img decoding=\"async\" class=\"wp-block-themeisle-blocks-slider-item\" src=\"https:\/\/marineriawp.abanet.it\/wp-content\/uploads\/pannelli_tipi-navali_202423.jpg\" alt=\"\" title=\"\" data-id=\"2955\"\/><\/figure><\/div><div class=\"wp-block-themeisle-blocks-slider-item-wrapper glide__slide\" tabindex=\"0\"><figure><img decoding=\"async\" class=\"wp-block-themeisle-blocks-slider-item\" src=\"https:\/\/marineriawp.abanet.it\/wp-content\/uploads\/pannelli_tipi-navali_202422.jpg\" alt=\"\" title=\"\" data-id=\"2954\"\/><\/figure><\/div><div class=\"wp-block-themeisle-blocks-slider-item-wrapper glide__slide\" tabindex=\"0\"><figure><img decoding=\"async\" class=\"wp-block-themeisle-blocks-slider-item\" src=\"https:\/\/marineriawp.abanet.it\/wp-content\/uploads\/pannelli_tipi-navali_202421.jpg\" alt=\"\" title=\"\" data-id=\"2953\"\/><\/figure><\/div><div class=\"wp-block-themeisle-blocks-slider-item-wrapper glide__slide\" tabindex=\"0\"><figure><img decoding=\"async\" class=\"wp-block-themeisle-blocks-slider-item\" src=\"https:\/\/marineriawp.abanet.it\/wp-content\/uploads\/pannelli_tipi-navali_202420.jpg\" alt=\"\" title=\"\" data-id=\"2952\"\/><\/figure><\/div><div class=\"wp-block-themeisle-blocks-slider-item-wrapper glide__slide\" tabindex=\"0\"><figure><img decoding=\"async\" class=\"wp-block-themeisle-blocks-slider-item\" src=\"https:\/\/marineriawp.abanet.it\/wp-content\/uploads\/pannelli_tipi-navali_202419.jpg\" alt=\"\" title=\"\" data-id=\"2951\"\/><\/figure><\/div><div class=\"wp-block-themeisle-blocks-slider-item-wrapper glide__slide\" tabindex=\"0\"><figure><img decoding=\"async\" class=\"wp-block-themeisle-blocks-slider-item\" src=\"https:\/\/marineriawp.abanet.it\/wp-content\/uploads\/pannelli_tipi-navali_202418.jpg\" alt=\"\" title=\"\" data-id=\"2950\"\/><\/figure><\/div><div class=\"wp-block-themeisle-blocks-slider-item-wrapper glide__slide\" tabindex=\"0\"><figure><img decoding=\"async\" class=\"wp-block-themeisle-blocks-slider-item\" src=\"https:\/\/marineriawp.abanet.it\/wp-content\/uploads\/pannelli_tipi-navali_202417.jpg\" alt=\"\" title=\"\" data-id=\"2949\"\/><\/figure><\/div><div class=\"wp-block-themeisle-blocks-slider-item-wrapper glide__slide\" tabindex=\"0\"><figure><img decoding=\"async\" class=\"wp-block-themeisle-blocks-slider-item\" src=\"https:\/\/marineriawp.abanet.it\/wp-content\/uploads\/pannelli_tipi-navali_202416.jpg\" alt=\"\" title=\"\" data-id=\"2948\"\/><\/figure><\/div><div class=\"wp-block-themeisle-blocks-slider-item-wrapper glide__slide\" tabindex=\"0\"><figure><img decoding=\"async\" class=\"wp-block-themeisle-blocks-slider-item\" src=\"https:\/\/marineriawp.abanet.it\/wp-content\/uploads\/pannelli_tipi-navali_202415.jpg\" alt=\"\" title=\"\" data-id=\"2947\"\/><\/figure><\/div><div class=\"wp-block-themeisle-blocks-slider-item-wrapper glide__slide\" tabindex=\"0\"><figure><img decoding=\"async\" class=\"wp-block-themeisle-blocks-slider-item\" src=\"https:\/\/marineriawp.abanet.it\/wp-content\/uploads\/pannelli_tipi-navali_202414.jpg\" alt=\"\" title=\"\" data-id=\"2946\"\/><\/figure><\/div><div class=\"wp-block-themeisle-blocks-slider-item-wrapper glide__slide\" tabindex=\"0\"><figure><img decoding=\"async\" class=\"wp-block-themeisle-blocks-slider-item\" src=\"https:\/\/marineriawp.abanet.it\/wp-content\/uploads\/pannelli_tipi-navali_202413.jpg\" alt=\"\" title=\"\" data-id=\"2945\"\/><\/figure><\/div><div class=\"wp-block-themeisle-blocks-slider-item-wrapper glide__slide\" tabindex=\"0\"><figure><img decoding=\"async\" class=\"wp-block-themeisle-blocks-slider-item\" src=\"https:\/\/marineriawp.abanet.it\/wp-content\/uploads\/pannelli_tipi-navali_202412.jpg\" alt=\"\" title=\"\" data-id=\"2944\"\/><\/figure><\/div><div class=\"wp-block-themeisle-blocks-slider-item-wrapper glide__slide\" tabindex=\"0\"><figure><img decoding=\"async\" class=\"wp-block-themeisle-blocks-slider-item\" src=\"https:\/\/marineriawp.abanet.it\/wp-content\/uploads\/pannelli_tipi-navali_202411.jpg\" alt=\"\" title=\"\" data-id=\"2943\"\/><\/figure><\/div><div class=\"wp-block-themeisle-blocks-slider-item-wrapper glide__slide\" tabindex=\"0\"><figure><img decoding=\"async\" class=\"wp-block-themeisle-blocks-slider-item\" src=\"https:\/\/marineriawp.abanet.it\/wp-content\/uploads\/pannelli_tipi-navali_202410.jpg\" alt=\"\" title=\"\" data-id=\"2942\"\/><\/figure><\/div><div class=\"wp-block-themeisle-blocks-slider-item-wrapper glide__slide\" tabindex=\"0\"><figure><img decoding=\"async\" class=\"wp-block-themeisle-blocks-slider-item\" src=\"https:\/\/marineriawp.abanet.it\/wp-content\/uploads\/pannelli_tipi-navali_20249.jpg\" alt=\"\" title=\"\" data-id=\"2941\"\/><\/figure><\/div><div class=\"wp-block-themeisle-blocks-slider-item-wrapper glide__slide\" tabindex=\"0\"><figure><img decoding=\"async\" class=\"wp-block-themeisle-blocks-slider-item\" src=\"https:\/\/marineriawp.abanet.it\/wp-content\/uploads\/pannelli_tipi-navali_20248.jpg\" alt=\"\" title=\"\" data-id=\"2940\"\/><\/figure><\/div><div class=\"wp-block-themeisle-blocks-slider-item-wrapper glide__slide\" tabindex=\"0\"><figure><img decoding=\"async\" class=\"wp-block-themeisle-blocks-slider-item\" src=\"https:\/\/marineriawp.abanet.it\/wp-content\/uploads\/pannelli_tipi-navali_20247.jpg\" alt=\"\" title=\"\" data-id=\"2939\"\/><\/figure><\/div><div class=\"wp-block-themeisle-blocks-slider-item-wrapper glide__slide\" tabindex=\"0\"><figure><img decoding=\"async\" class=\"wp-block-themeisle-blocks-slider-item\" src=\"https:\/\/marineriawp.abanet.it\/wp-content\/uploads\/pannelli_tipi-navali_20246.jpg\" alt=\"\" title=\"\" data-id=\"2938\"\/><\/figure><\/div><div class=\"wp-block-themeisle-blocks-slider-item-wrapper glide__slide\" tabindex=\"0\"><figure><img decoding=\"async\" class=\"wp-block-themeisle-blocks-slider-item\" src=\"https:\/\/marineriawp.abanet.it\/wp-content\/uploads\/pannelli_tipi-navali_20245.jpg\" alt=\"\" title=\"\" data-id=\"2937\"\/><\/figure><\/div><div class=\"wp-block-themeisle-blocks-slider-item-wrapper glide__slide\" tabindex=\"0\"><figure><img decoding=\"async\" class=\"wp-block-themeisle-blocks-slider-item\" src=\"https:\/\/marineriawp.abanet.it\/wp-content\/uploads\/pannelli_tipi-navali_20244.jpg\" alt=\"\" title=\"\" data-id=\"2936\"\/><\/figure><\/div><div class=\"wp-block-themeisle-blocks-slider-item-wrapper glide__slide\" tabindex=\"0\"><figure><img decoding=\"async\" class=\"wp-block-themeisle-blocks-slider-item\" src=\"https:\/\/marineriawp.abanet.it\/wp-content\/uploads\/pannelli_tipi-navali_20243.jpg\" alt=\"\" title=\"\" data-id=\"2935\"\/><\/figure><\/div><div class=\"wp-block-themeisle-blocks-slider-item-wrapper glide__slide\" tabindex=\"0\"><figure><img decoding=\"async\" class=\"wp-block-themeisle-blocks-slider-item\" src=\"https:\/\/marineriawp.abanet.it\/wp-content\/uploads\/pannelli_tipi-navali_20242.jpg\" alt=\"\" title=\"\" data-id=\"2934\"\/><\/figure><\/div><div class=\"wp-block-themeisle-blocks-slider-item-wrapper glide__slide\" tabindex=\"0\"><figure><img decoding=\"async\" class=\"wp-block-themeisle-blocks-slider-item\" src=\"https:\/\/marineriawp.abanet.it\/wp-content\/uploads\/pannelli_tipi-navali_2024.jpg\" alt=\"\" title=\"\" data-id=\"2933\"\/><\/figure><\/div><\/div><\/div><\/div>\n\n\n\n<p><\/p>\n","protected":false},"excerpt":{"rendered":"<p>Navigli adriatici e ionici in Et\u00e0 Moderna (1650-1850) Mostra internazionale a cura di Maria Lucia De Nicol\u00f2, realizzata in occasione di \u201cPesaro capitale italiana della cultura 2024\u201d27 Aprile &#8211; 31 Dicembre 2024 La mostra nasce dall\u2019analisi di oltre 20.000 documenti del Settecento prodotti da varie cancellerie adriatiche e ioniche, registrazioni di entrate ed uscite dai&hellip;&nbsp;<a href=\"https:\/\/marineriawp.abanet.it\/index.php\/navigli-adriatici-xviii-sec\/\" rel=\"bookmark\">Leggi tutto &raquo;<span class=\"screen-reader-text\">Navigli Adriatici XVIII sec<\/span><\/a><\/p>\n","protected":false},"author":1,"featured_media":3071,"parent":0,"menu_order":0,"comment_status":"closed","ping_status":"closed","template":"","meta":{"neve_meta_sidebar":"","neve_meta_container":"","neve_meta_enable_content_width":"","neve_meta_content_width":0,"neve_meta_title_alignment":"","neve_meta_author_avatar":"","neve_post_elements_order":"","neve_meta_disable_header":"","neve_meta_disable_footer":"","neve_meta_disable_title":"","_themeisle_gutenberg_block_has_review":false,"footnotes":""},"class_list":["post-2387","page","type-page","status-publish","has-post-thumbnail","hentry"],"_links":{"self":[{"href":"https:\/\/marineriawp.abanet.it\/index.php\/wp-json\/wp\/v2\/pages\/2387","targetHints":{"allow":["GET"]}}],"collection":[{"href":"https:\/\/marineriawp.abanet.it\/index.php\/wp-json\/wp\/v2\/pages"}],"about":[{"href":"https:\/\/marineriawp.abanet.it\/index.php\/wp-json\/wp\/v2\/types\/page"}],"author":[{"embeddable":true,"href":"https:\/\/marineriawp.abanet.it\/index.php\/wp-json\/wp\/v2\/users\/1"}],"replies":[{"embeddable":true,"href":"https:\/\/marineriawp.abanet.it\/index.php\/wp-json\/wp\/v2\/comments?post=2387"}],"version-history":[{"count":26,"href":"https:\/\/marineriawp.abanet.it\/index.php\/wp-json\/wp\/v2\/pages\/2387\/revisions"}],"predecessor-version":[{"id":3079,"href":"https:\/\/marineriawp.abanet.it\/index.php\/wp-json\/wp\/v2\/pages\/2387\/revisions\/3079"}],"wp:featuredmedia":[{"embeddable":true,"href":"https:\/\/marineriawp.abanet.it\/index.php\/wp-json\/wp\/v2\/media\/3071"}],"wp:attachment":[{"href":"https:\/\/marineriawp.abanet.it\/index.php\/wp-json\/wp\/v2\/media?parent=2387"}],"curies":[{"name":"wp","href":"https:\/\/api.w.org\/{rel}","templated":true}]}}